?
False
Is 868772711 prime?
True
Is 170333713027 prime?
False
Is 7931069893 composite?
True
Is 1967007853 composite?
True
Is 1354947707 composite?
False
Is 4924798007 prime?
True
Is 1709879527 composite?
True
Is 2698952479 a prime number?
True
Is 99340461359 a prime number?
True
Is 15556316201 a prime number?
True
Is 2337885937 a composite number?
True
Is 833707841 a prime number?
False
Is 2004130657 a prime number?
True
Is 35033599 composite?
False
Is 7752686731 a prime number?
True
Is 61194454862 a composite number?
True
Is 813903511 composite?
False
Is 2155752733 a prime number?
False
Is 3025199327 composite?
False
Is 190708597 composite?
False
Is 6686663981 a prime number?
True
Is 10469765249 a prime number?
True
Is 995952901 composite?
False
Is 1520958441 composite?
True
Is 1912936867 a prime number?
False
Is 155820409 a composite number?
False
Is 653010041 composite?
False
Is 40748119147 prime?
False
Is 4906356269 composite?
False
Is 5196158161 composite?
False
Is 104901744133 a prime number?
True
Is 158901053 a composite number?
True
Is 4991233981 composite?
False
Is 114327434189 a composite number?
False
Is 149786579809 a prime number?
True
Is 77744460371 composite?
True
Is 1414365803 prime?
True
Is 38138007901 composite?
True
Is 221178983 a composite number?
False
Is 1348940729 a composite number?
False
Is 8660315299 a composite number?
True
Is 15796230427 prime?
True
Is 1196206553 composite?
True
Is 52132477 prime?
True
Is 1823085461 composite?
True
Is 2464448957 prime?
False
Is 46749668677 a prime number?
True
Is 16132950151 prime?
True
Is 1609065071 a prime number?
False
Is 3216898217 prime?
False
Is 75289429247 composite?
False
Is 60366286339 a composite number?
False
Is 194091216089 composite?
False
Is 1897538899 prime?
False
Is 65163478223 composite?
False
Is 2406239497 a prime number?
False
Is 527352143 a prime number?
False
Is 946790113 prime?
False
Is 51684593 a prime number?
False
Is 1142683661 prime?
False
Is 102629249 composite?
False
Is 424452488594 prime?
False
Is 43538815553 a prime number?
True
Is 6147961307 composite?
False
Is 293147159 prime?
False
Is 2169866267 a prime number?
False
Is 119785997 a prime number?
False
Is 9055394501 composite?
True
Is 11037781567 a composite number?
False
Is 34709567 prime?
False
Is 16786249489 prime?
False
Is 2909016101 a composite number?
False
Is 37876180739 composite?
True
Is 4201923797 composite?
True
Is 1511630833 prime?
True
Is 14916220919 a composite number?
False
Is 14535676409 composite?
True
Is 113939663 composite?
True
Is 4555026391 prime?
False
Is 19038993997 a composite number?
False
Is 7294361689 composite?
False
Is 84619476731 a prime number?
False
Is 26408944687 composite?
False
Is 27816863777 prime?
False
Is 487326373 a prime number?
True
Is 8442487969 composite?
False
Is 7990394857 a prime number?
False
Is 15373942327 composite?
True
Is 3003970089 composite?
True
Is 50904049307 composite?
True
Is 63736134811 prime?
False
Is 1022967019 a composite number?
True
Is 57601191289 a prime number?
True
Is 422599711 a composite number?
False
Is 126531762613 a composite number?
True
Is 9575587447 a composite number?
True
Is 28382574697 composite?
False
Is 1401212347 prime?
True
Is 1843924591 prime?
True
Is 27765402461 composite?
True
Is 308923 prime?
True
Is 3781909687 composite?
True
Is 26947596899 a composite number?
True
Is 18667277939 prime?
False
Is 1016115361 a prime number?
False
Is 6845114431 composite?
True
Is 2813075591 composite?
True
Is 21097483289 a prime number?
True
Is 347113537 a composite number?
True
Is 8679030127 a composite number?
False
Is 1421893483 a composite number?
False
Is 49139177 a prime number?
False
Is 3783794489 a prime number?
False
Is 4030337071 a prime number?
True
Is 20135169463 composite?
False
Is 32105137543 a composite number?
False
Is 67993204577 a composite number?
False
Is 1240436503 prime?
False
Is 30886787203 a composite number?
False
Is 2005173917 a composite number?
True
Is 1190587787 a composite number?
False
Is 130440859759 a prime number?
False
Is 540783059 composite?
True
Is 148405099 a composite number?
False
Is 4599637561 a prime number?
True
Is 11672033911 composite?
False
Is 68497003 composite?
True
Is 12446218819 a composite number?
True
Is 103819545097 a prime number?
True
Is 14738885773 prime?
True
Is 21172465679 a composite number?
False
Is 38062092701 composite?
True
Is 6555439951 prime?
True
Is 2337051967 composite?
True
Is 4902805727 a prime number?
True
Is 4732426247 a prime number?
False
Is 111919957 composite?
False
Is 263704318 a composite number?
True
Is 505167085 prime?
False
Is 2193954335 prime?
False
Is 545650619 a prime number?
False
Is 7603348679 a composite number?
True
Is 3123253079 a composite number?
True
Is 13377969151 a composite number?
False
Is 643839753 a composite number?
True
Is 11122116619 a composite number?
False
Is 29614257689 composite?
True
Is 256301107063 prime?
True
Is 348292177 composite?
True
Is 2891005519 composite?
False
Is 3984929197 a composite number?
False
Is 167815829231 a prime number?
False
Is 176416768631 a prime number?
False
Is 22854567443 composite?
False
Is 2630198726 composite?
True
Is 2112256843 a composite number?
False
Is 85280803673 a composite number?
True
Is 1429017679 a composite number?
False
Is 3222696091 a composite number?
False
Is 7589364529 a composite number?
True
Is 13641301393 a prime number?
True
Is 165736359527 a composite number?
True
Is 638049733 prime?
False
Is 1321668203 a prime number?
True
Is 1375793707 a prime number?
False
Is 7514845757 prime?
True
Is 156226819 prime?
False
Is 129592151 a composite number?
True
Is 10222364827 prime?
False
Is 2291957891 a composite number?
False
Is 3025198661 prime?
True
Is 42569258393 prime?
False
Is 3253788613 a prime number?
False
Is 20663186497 prime?
True
Is 31768279 prime?
False
Is 3125088017 a prime number?
True
Is 702887447 prime?
True
Is 854013379 a prime number?
True
Is 99626227807 composite?
False
Is 1364176517 a prime number?
False
Is 16155365861 a prime number?
True
Is 308300339 a composite number?
False
Is 69140916227 a prime number?
False
Is 332007479 a prime number?
True
Is 914741819 a prime number?
False
Is 56945293177 composite?
False
Is 457527761 composite?
False
Is 26903606311 prime?
False
Is 2480309863 a prime number?
True
Is 96010672501 a composite number?
True
Is 1005271433 composite?
True
Is 174619309 a prime number?
False
Is 4001789863 composite?
False
Is 3789560171 a composite number?
False
Is 2593640261 composite?
False
Is 8641232077 a composite number?
False
Is 13260312673 prime?
False
Is 794783189 a composite number?
False
Is 235539730801 a composite number?
False
Is 314250023 prime?
False
Is 2127951731 a composite number?
False
Is 161188637 prime?
False
Is 21763430697 a prime number?
False
Is 18896363561 a prime number?
False
Is 4965034153 a prime number?
False
Is 248498423 prime?
False
Is 207596452937 a prime number?
True
Is 1347178247 a prime number?
True
Is 272269849 composite?
True
Is 1287652853 composite?
False
Is 11254236671 composite?
False
Is 3898640297 composite?
False
Is 228844159 prime?
True
Is 3941883397 prime?
False
Is 1263606893 prime?
True
Is 1850108341 prime?
True
Is 86409091 composite?
True
Is 348732773 a composite number?
False
Is 5929024901 composite?
True
Is 4581247751 composite?
False
Is 4475483503 composite?
False
Is 4871598227 composite?
True
Is 1143624109 composite?
True
Is 20246231449 a prime number?
True
Is 823094773 a prime number?
True
Is 35084566283 a composite number?
True
Is 552362939 composite?
True
Is 79594254533 prime?
True
Is 78186220597 a composite number?
False
Is 3561131311 prime?
True
Is 12983010437 prime?
False
Is 1067153999 prime?
False
Is 9039029653 a composite number?
True
Is 201157597 composite?
False
Is 2088051829 prime?
False
Is 638748601 prime?
False
Is 20846024207 a composite number?
False
Is 1943935427 a composite number?
True
Is 78310277 composite?
False
Is 957503383 a composite number?
False
Is 97685387 a prime number?
True
Is 10664654779 composite?
False
Is 1226056583 prime?
True
Is 62607313 a composite number?
False
Is 15770678903 a composite number?
True
Is 71267279 composite?
True
Is 1090988191 a composite number?
False
Is 1